{"id":52081,"date":"2022-05-06T03:40:48","date_gmt":"2022-05-06T03:40:48","guid":{"rendered":"https:\/\/sitestemporarios.com.br\/percon\/?page_id=52081"},"modified":"2022-05-27T23:33:07","modified_gmt":"2022-05-27T23:33:07","slug":"espaco-confinado-5","status":"publish","type":"page","link":"https:\/\/acessopercon.com.br\/percon\/espaco-confinado-5\/","title":{"rendered":"Espa\u00e7o confinado"},"content":{"rendered":"\t\t<div data-elementor-type=\"wp-page\" data-elementor-id=\"52081\" class=\"elementor elementor-52081\">\n\t\t\t\t\t\t\t\t\t<section class=\"elementor-section elementor-top-section elementor-element elementor-element-6efe7e52 elementor-section-boxed elementor-section-height-default elementor-section-height-default\" data-id=\"6efe7e52\" data-element_type=\"section\">\n\t\t\t\t\t\t<div class=\"elementor-container elementor-column-gap-default\">\n\t\t\t\t\t<div class=\"elementor-column elementor-col-100 elementor-top-column elementor-element elementor-element-34d1c04\" data-id=\"34d1c04\" data-element_type=\"column\">\n\t\t\t<div class=\"elementor-widget-wrap elementor-element-populated\">\n\t\t\t\t\t\t\t\t<div class=\"elementor-element elementor-element-66d63eb elementor-widget elementor-widget-heading\" data-id=\"66d63eb\" data-element_type=\"widget\" data-widget_type=\"heading.default\">\n\t\t\t\t<div class=\"elementor-widget-container\">\n\t\t\t<h2 class=\"elementor-heading-title elementor-size-default\">Espa\u00e7o confinado<\/h2>\t\t<\/div>\n\t\t\t\t<\/div>\n\t\t\t\t<div class=\"elementor-element elementor-element-7d802df8 elementor-widget elementor-widget-text-editor\" data-id=\"7d802df8\" data-element_type=\"widget\" data-widget_type=\"text-editor.default\">\n\t\t\t\t<div class=\"elementor-widget-container\">\n\t\t\t\t\t\t\t<p>Espa\u00e7os confinados, que se trata de qualquer \u00e1rea ou ambiente n\u00e3o projetado para ocupa\u00e7\u00e3o humana cont\u00ednua, que possua meios limitados de entrada e sa\u00edda, e cuja ventila\u00e7\u00e3o existente \u00e9 insuficiente para remover contaminantes ou onde possa existir a defici\u00eancia ou enriquecimento de oxig\u00eanio.<\/p><p>O trabalho em espa\u00e7os confinados no Brasil s\u00e3o normalizados pela NR-33, e teve recentemente o complemento e detalhamento t\u00e9cnico atrav\u00e9s da nova NBR16577, com o objetivo de garantir maior seguran\u00e7a nas atividades em espa\u00e7os confinados, atrav\u00e9s da implanta\u00e7\u00e3o de medidas de prote\u00e7\u00e3o, que devem ser estabelecidas a partir dos riscos existentes no espa\u00e7o confinado, antes da entrada e dos riscos gerados durante a atividade.<\/p>\t\t\t\t\t\t<\/div>\n\t\t\t\t<\/div>\n\t\t\t\t<section class=\"elementor-section elementor-inner-section elementor-element elementor-element-94721ca elementor-section-boxed elementor-section-height-default elementor-section-height-default\" data-id=\"94721ca\" data-element_type=\"section\">\n\t\t\t\t\t\t<div class=\"elementor-container elementor-column-gap-default\">\n\t\t\t\t\t<div class=\"elementor-column elementor-col-33 elementor-inner-column elementor-element elementor-element-1d3d0d1\" data-id=\"1d3d0d1\" data-element_type=\"column\">\n\t\t\t<div class=\"elementor-widget-wrap\">\n\t\t\t\t\t\t\t\t\t<\/div>\n\t\t<\/div>\n\t\t\t\t<div class=\"elementor-column elementor-col-33 elementor-inner-column elementor-element elementor-element-3d70573\" data-id=\"3d70573\" data-element_type=\"column\">\n\t\t\t<div class=\"elementor-widget-wrap elementor-element-populated\">\n\t\t\t\t\t\t\t\t<div class=\"elementor-element elementor-element-1873542 elementor-widget elementor-widget-video\" data-id=\"1873542\" data-element_type=\"widget\" data-settings=\"{&quot;youtube_url&quot;:&quot;https:\\\/\\\/youtu.be\\\/JmZtiPSLJAA&quot;,&quot;video_type&quot;:&quot;youtube&quot;,&quot;controls&quot;:&quot;yes&quot;}\" data-widget_type=\"video.default\">\n\t\t\t\t<div class=\"elementor-widget-container\">\n\t\t\t\t\t<div class=\"elementor-wrapper elementor-open-inline\">\n\t\t\t<div class=\"elementor-video\"><\/div>\t\t<\/div>\n\t\t\t\t<\/div>\n\t\t\t\t<\/div>\n\t\t\t\t\t<\/div>\n\t\t<\/div>\n\t\t\t\t<div class=\"elementor-column elementor-col-33 elementor-inner-column elementor-element elementor-element-72d002d\" data-id=\"72d002d\" data-element_type=\"column\">\n\t\t\t<div class=\"elementor-widget-wrap\">\n\t\t\t\t\t\t\t\t\t<\/div>\n\t\t<\/div>\n\t\t\t\t\t\t\t<\/div>\n\t\t<\/section>\n\t\t\t\t\t<\/div>\n\t\t<\/div>\n\t\t\t\t\t\t\t<\/div>\n\t\t<\/section>\n\t\t\t\t\t\t\t<\/div>\n\t\t","protected":false},"excerpt":{"rendered":"<p>Espa\u00e7o confinado Espa\u00e7os confinados, que se trata de qualquer \u00e1rea ou ambiente n\u00e3o projetado para ocupa\u00e7\u00e3o humana cont\u00ednua, que possua meios limitados de entrada e sa\u00edda, e cuja ventila\u00e7\u00e3o existente \u00e9 insuficiente para remover contaminantes ou onde possa existir a defici\u00eancia ou enriquecimento de oxig\u00eanio. O trabalho em espa\u00e7os confinados no Brasil s\u00e3o normalizados pela [&hellip;]<\/p>\n","protected":false},"author":4,"featured_media":0,"parent":0,"menu_order":0,"comment_status":"open","ping_status":"closed","template":"elementor_header_footer","meta":{"footnotes":""},"_links":{"self":[{"href":"https:\/\/acessopercon.com.br\/percon\/wp-json\/wp\/v2\/pages\/52081"}],"collection":[{"href":"https:\/\/acessopercon.com.br\/percon\/wp-json\/wp\/v2\/pages"}],"about":[{"href":"https:\/\/acessopercon.com.br\/percon\/wp-json\/wp\/v2\/types\/page"}],"author":[{"embeddable":true,"href":"https:\/\/acessopercon.com.br\/percon\/wp-json\/wp\/v2\/users\/4"}],"replies":[{"embeddable":true,"href":"https:\/\/acessopercon.com.br\/percon\/wp-json\/wp\/v2\/comments?post=52081"}],"version-history":[{"count":10,"href":"https:\/\/acessopercon.com.br\/percon\/wp-json\/wp\/v2\/pages\/52081\/revisions"}],"predecessor-version":[{"id":53545,"href":"https:\/\/acessopercon.com.br\/percon\/wp-json\/wp\/v2\/pages\/52081\/revisions\/53545"}],"wp:attachment":[{"href":"https:\/\/acessopercon.com.br\/percon\/wp-json\/wp\/v2\/media?parent=52081"}],"curies":[{"name":"wp","href":"https:\/\/api.w.org\/{rel}","templated":true}]}}