{"id":35982,"date":"2015-08-07T05:08:10","date_gmt":"2015-08-07T05:08:10","guid":{"rendered":"http:\/\/acessopercon.com.br\/percon\/?page_id=35982"},"modified":"2022-05-27T23:29:08","modified_gmt":"2022-05-27T23:29:08","slug":"percon","status":"publish","type":"page","link":"https:\/\/acessopercon.com.br\/percon\/percon\/","title":{"rendered":"Percon"},"content":{"rendered":"\t\t<div data-elementor-type=\"wp-page\" data-elementor-id=\"35982\" class=\"elementor elementor-35982\">\n\t\t\t\t\t\t\t\t\t<section class=\"elementor-section elementor-top-section elementor-element elementor-element-6efe7e52 elementor-section-boxed elementor-section-height-default elementor-section-height-default\" data-id=\"6efe7e52\" data-element_type=\"section\">\n\t\t\t\t\t\t<div class=\"elementor-container elementor-column-gap-default\">\n\t\t\t\t\t<div class=\"elementor-column elementor-col-100 elementor-top-column elementor-element elementor-element-34d1c04\" data-id=\"34d1c04\" data-element_type=\"column\">\n\t\t\t<div class=\"elementor-widget-wrap elementor-element-populated\">\n\t\t\t\t\t\t\t\t<div class=\"elementor-element elementor-element-66d63eb elementor-widget elementor-widget-heading\" data-id=\"66d63eb\" data-element_type=\"widget\" data-widget_type=\"heading.default\">\n\t\t\t\t<div class=\"elementor-widget-container\">\n\t\t\t<h2 class=\"elementor-heading-title elementor-size-default\">Quem Somos<\/h2>\t\t<\/div>\n\t\t\t\t<\/div>\n\t\t\t\t<div class=\"elementor-element elementor-element-7d802df8 elementor-widget elementor-widget-text-editor\" data-id=\"7d802df8\" data-element_type=\"widget\" data-widget_type=\"text-editor.default\">\n\t\t\t\t<div class=\"elementor-widget-container\">\n\t\t\t\t\t\t\tEmpresa fundada em 2004 por um profissional que atuou por mais de 20 anos como gerente para Am\u00e9rica Latina em uma multinacional l\u00edder mundial na fabrica\u00e7\u00e3o de instrumentos de testes e medidas. Atuamos em todo o mercado nacional com a distribui\u00e7\u00e3o de equipamentos de teste e medi\u00e7\u00e3o, ferramentas eletr\u00f4nicas, instrumentos para calibra\u00e7\u00e3o, equipamentos de seguran\u00e7a, instrumenta\u00e7\u00e3o de controle e comercializando servi\u00e7os de calibra\u00e7\u00e3o e manuten\u00e7\u00e3o RBC. Em 2012 a Percon se consolida como uma empresa de tecnologia atuando em todo o territ\u00f3rio nacional com distribui\u00e7\u00e3o de equipamentos de teste e medi\u00e7\u00e3o, servi\u00e7os de calibra\u00e7\u00e3o.\t\t\t\t\t\t<\/div>\n\t\t\t\t<\/div>\n\t\t\t\t<div class=\"elementor-element elementor-element-148caff elementor-widget elementor-widget-spacer\" data-id=\"148caff\" data-element_type=\"widget\" data-widget_type=\"spacer.default\">\n\t\t\t\t<div class=\"elementor-widget-container\">\n\t\t\t\t\t<div class=\"elementor-spacer\">\n\t\t\t<div class=\"elementor-spacer-inner\"><\/div>\n\t\t<\/div>\n\t\t\t\t<\/div>\n\t\t\t\t<\/div>\n\t\t\t\t<section class=\"elementor-section elementor-inner-section elementor-element elementor-element-e3e47c2 elementor-section-boxed elementor-section-height-default elementor-section-height-default\" data-id=\"e3e47c2\" data-element_type=\"section\" data-settings=\"{&quot;background_background&quot;:&quot;classic&quot;}\">\n\t\t\t\t\t\t<div class=\"elementor-container elementor-column-gap-default\">\n\t\t\t\t\t<div class=\"elementor-column elementor-col-50 elementor-inner-column elementor-element elementor-element-36746b7\" data-id=\"36746b7\" data-element_type=\"column\">\n\t\t\t<div class=\"elementor-widget-wrap elementor-element-populated\">\n\t\t\t\t\t\t\t\t<div class=\"elementor-element elementor-element-2fc9288 elementor-widget elementor-widget-heading\" data-id=\"2fc9288\" data-element_type=\"widget\" data-widget_type=\"heading.default\">\n\t\t\t\t<div class=\"elementor-widget-container\">\n\t\t\t<h3 class=\"elementor-heading-title elementor-size-default\">Nosso Fundador<\/h3>\t\t<\/div>\n\t\t\t\t<\/div>\n\t\t\t\t<div class=\"elementor-element elementor-element-ece90a5 elementor-widget elementor-widget-text-editor\" data-id=\"ece90a5\" data-element_type=\"widget\" data-widget_type=\"text-editor.default\">\n\t\t\t\t<div class=\"elementor-widget-container\">\n\t\t\t\t\t\t\t<p>Waldir Lobo de Carvalho Jr. criou a PerCon no ano de 2004 com o objetivo de conectar de forma perfeita empresas lideres mundiais em tecnologia de teste e medi\u00e7\u00e3o com as necessidades dos clientes em territ\u00f3rio nacional, sua vis\u00e3o deu origem ao nome PerCon, uma sigla formada pelas palavras (Perfect Connection). Seu hist\u00f3rico profissional iniciou no ano de 1984 como engenheiro no laborat\u00f3rios de reparo e calibra\u00e7\u00e3o na For\u00e7a \u00c1rea Brasileira. Entre os anos de 1986 \u00e0 2003, migrou para a iniciativa privada, trabalhando em uma multinacional l\u00edder mundial na fabrica\u00e7\u00e3o de instrumentos de testes e medi\u00e7\u00e3o, tendo desenvolvido uma bagagem de muito aprendizado, qualifica\u00e7\u00e3o e capacidade t\u00e9cnica e comercial, assumindo o cargo de gerente para Am\u00e9rica Latina . Sendo poss\u00edvel dar origem a PerCon que completa no ano de 2.022, 18 anos de consolida\u00e7\u00e3o no mercado brasiliero.<\/p>\t\t\t\t\t\t<\/div>\n\t\t\t\t<\/div>\n\t\t\t\t\t<\/div>\n\t\t<\/div>\n\t\t\t\t<div class=\"elementor-column elementor-col-50 elementor-inner-column elementor-element elementor-element-cbe5552\" data-id=\"cbe5552\" data-element_type=\"column\">\n\t\t\t<div class=\"elementor-widget-wrap elementor-element-populated\">\n\t\t\t\t\t\t\t\t<div class=\"elementor-element elementor-element-0fa046a elementor-widget elementor-widget-image\" data-id=\"0fa046a\" data-element_type=\"widget\" data-widget_type=\"image.default\">\n\t\t\t\t<div class=\"elementor-widget-container\">\n\t\t\t\t\t\t\t\t\t\t\t\t\t\t\t<img decoding=\"async\" src=\"https:\/\/acessopercon.com.br\/percon\/wp-content\/uploads\/elementor\/thumbs\/waldir-lobofundador-percon-ppy4nsgwuanekp2dpfh2o8twlxydghb8tkakhs4oe0.jpeg\" title=\"waldir-lobofundador-percon\" alt=\"waldir-lobofundador-percon\" loading=\"lazy\" \/>\t\t\t\t\t\t\t\t\t\t\t\t\t\t\t<\/div>\n\t\t\t\t<\/div>\n\t\t\t\t\t<\/div>\n\t\t<\/div>\n\t\t\t\t\t\t\t<\/div>\n\t\t<\/section>\n\t\t\t\t<div class=\"elementor-element elementor-element-9aa04b7 elementor-widget elementor-widget-spacer\" data-id=\"9aa04b7\" data-element_type=\"widget\" data-widget_type=\"spacer.default\">\n\t\t\t\t<div class=\"elementor-widget-container\">\n\t\t\t\t\t<div class=\"elementor-spacer\">\n\t\t\t<div class=\"elementor-spacer-inner\"><\/div>\n\t\t<\/div>\n\t\t\t\t<\/div>\n\t\t\t\t<\/div>\n\t\t\t\t<section class=\"elementor-section elementor-inner-section elementor-element elementor-element-51f73f1 elementor-section-boxed elementor-section-height-default elementor-section-height-default\" data-id=\"51f73f1\" data-element_type=\"section\">\n\t\t\t\t\t\t<div class=\"elementor-container elementor-column-gap-default\">\n\t\t\t\t\t<div class=\"elementor-column elementor-col-33 elementor-inner-column elementor-element elementor-element-f3dfe7d\" data-id=\"f3dfe7d\" data-element_type=\"column\">\n\t\t\t<div class=\"elementor-widget-wrap elementor-element-populated\">\n\t\t\t\t\t\t\t\t<div class=\"elementor-element elementor-element-d404a2c elementor-widget elementor-widget-heading\" data-id=\"d404a2c\" data-element_type=\"widget\" data-widget_type=\"heading.default\">\n\t\t\t\t<div class=\"elementor-widget-container\">\n\t\t\t<h3 class=\"elementor-heading-title elementor-size-default\">Miss\u00e3o<\/h3>\t\t<\/div>\n\t\t\t\t<\/div>\n\t\t\t\t<div class=\"elementor-element elementor-element-1afa53d elementor-widget elementor-widget-text-editor\" data-id=\"1afa53d\" data-element_type=\"widget\" data-widget_type=\"text-editor.default\">\n\t\t\t\t<div class=\"elementor-widget-container\">\n\t\t\t\t\t\t\t\u00c9 &#8220;Salvar Vidas&#8221;, sendo a Perfeita Conex\u00e3o entre as demandas de nossos clientes\/parceiros (atividades e aplica\u00e7\u00f5es), e a busca das solu\u00e7\u00f5es mais adequadas, e que garantam a seguran\u00e7a da opera\u00e7\u00e3o. Somos diferentes! N\u00e3o somos mais uma empresa de detec\u00e7\u00e3o de gases! Nossa miss\u00e3o \u00e9 ajudar nossos parceiros SALVANDO e PRESERVANDO as vidas.\t\t\t\t\t\t<\/div>\n\t\t\t\t<\/div>\n\t\t\t\t<div class=\"elementor-element elementor-element-1f416a8 elementor-widget elementor-widget-spacer\" data-id=\"1f416a8\" data-element_type=\"widget\" data-widget_type=\"spacer.default\">\n\t\t\t\t<div class=\"elementor-widget-container\">\n\t\t\t\t\t<div class=\"elementor-spacer\">\n\t\t\t<div class=\"elementor-spacer-inner\"><\/div>\n\t\t<\/div>\n\t\t\t\t<\/div>\n\t\t\t\t<\/div>\n\t\t\t\t\t<\/div>\n\t\t<\/div>\n\t\t\t\t<div class=\"elementor-column elementor-col-33 elementor-inner-column elementor-element elementor-element-64cf87b\" data-id=\"64cf87b\" data-element_type=\"column\">\n\t\t\t<div class=\"elementor-widget-wrap elementor-element-populated\">\n\t\t\t\t\t\t\t\t<div class=\"elementor-element elementor-element-6bfc1f4 elementor-widget elementor-widget-heading\" data-id=\"6bfc1f4\" data-element_type=\"widget\" data-widget_type=\"heading.default\">\n\t\t\t\t<div class=\"elementor-widget-container\">\n\t\t\t<h3 class=\"elementor-heading-title elementor-size-default\">Vis\u00e3o<\/h3>\t\t<\/div>\n\t\t\t\t<\/div>\n\t\t\t\t<div class=\"elementor-element elementor-element-eed957d elementor-widget elementor-widget-text-editor\" data-id=\"eed957d\" data-element_type=\"widget\" data-widget_type=\"text-editor.default\">\n\t\t\t\t<div class=\"elementor-widget-container\">\n\t\t\t\t\t\t\t<p>Ser a melhor empresa de vendas e servi\u00e7os em teste e medidas do Brasil.<br \/>A melhor empresa consiste em:<\/p><ul><li>Sermos considerados pelos clientes como a melhor op\u00e7\u00e3o de compras no Brasil;<\/li><li>Sermos uma excelente op\u00e7\u00e3o de desenvolvimento profissional no setor de vendas e servi\u00e7os de calibra\u00e7\u00e3o;<\/li><li>Sermos um excelente canal de distribui\u00e7\u00e3o para os nossos fornecedores.<\/li><\/ul>\t\t\t\t\t\t<\/div>\n\t\t\t\t<\/div>\n\t\t\t\t<div class=\"elementor-element elementor-element-6ea8141 elementor-widget elementor-widget-spacer\" data-id=\"6ea8141\" data-element_type=\"widget\" data-widget_type=\"spacer.default\">\n\t\t\t\t<div class=\"elementor-widget-container\">\n\t\t\t\t\t<div class=\"elementor-spacer\">\n\t\t\t<div class=\"elementor-spacer-inner\"><\/div>\n\t\t<\/div>\n\t\t\t\t<\/div>\n\t\t\t\t<\/div>\n\t\t\t\t\t<\/div>\n\t\t<\/div>\n\t\t\t\t<div class=\"elementor-column elementor-col-33 elementor-inner-column elementor-element elementor-element-2f8efff\" data-id=\"2f8efff\" data-element_type=\"column\">\n\t\t\t<div class=\"elementor-widget-wrap elementor-element-populated\">\n\t\t\t\t\t\t\t\t<div class=\"elementor-element elementor-element-e3b977d elementor-widget elementor-widget-heading\" data-id=\"e3b977d\" data-element_type=\"widget\" data-widget_type=\"heading.default\">\n\t\t\t\t<div class=\"elementor-widget-container\">\n\t\t\t<h3 class=\"elementor-heading-title elementor-size-default\">Valores<\/h3>\t\t<\/div>\n\t\t\t\t<\/div>\n\t\t\t\t<div class=\"elementor-element elementor-element-ceb033f elementor-widget elementor-widget-text-editor\" data-id=\"ceb033f\" data-element_type=\"widget\" data-widget_type=\"text-editor.default\">\n\t\t\t\t<div class=\"elementor-widget-container\">\n\t\t\t\t\t\t\t<ul><li>Cliente satisfeito;<\/li><li>Seguran\u00e7a total no ambiente de trabalho;<\/li><li>Pessoas comprometidas e realizadas;<\/li><li>Qualidade em tudo que faz;<\/li><li>Empreendedorismo respons\u00e1vel;<\/li><li>Integridade;<\/li><li>Crescimento e rentabilidade.<\/li><\/ul>\t\t\t\t\t\t<\/div>\n\t\t\t\t<\/div>\n\t\t\t\t\t<\/div>\n\t\t<\/div>\n\t\t\t\t\t\t\t<\/div>\n\t\t<\/section>\n\t\t\t\t\t<\/div>\n\t\t<\/div>\n\t\t\t\t\t\t\t<\/div>\n\t\t<\/section>\n\t\t\t\t\t\t\t<\/div>\n\t\t","protected":false},"excerpt":{"rendered":"<p>Quem Somos Empresa fundada em 2004 por um profissional que atuou por mais de 20 anos como gerente para Am\u00e9rica Latina em uma multinacional l\u00edder mundial na fabrica\u00e7\u00e3o de instrumentos de testes e medidas. Atuamos em todo o mercado nacional com a distribui\u00e7\u00e3o de equipamentos de teste e medi\u00e7\u00e3o, ferramentas eletr\u00f4nicas, instrumentos para calibra\u00e7\u00e3o, equipamentos [&hellip;]<\/p>\n","protected":false},"author":4,"featured_media":0,"parent":0,"menu_order":0,"comment_status":"open","ping_status":"open","template":"elementor_header_footer","meta":{"footnotes":""},"_links":{"self":[{"href":"https:\/\/acessopercon.com.br\/percon\/wp-json\/wp\/v2\/pages\/35982"}],"collection":[{"href":"https:\/\/acessopercon.com.br\/percon\/wp-json\/wp\/v2\/pages"}],"about":[{"href":"https:\/\/acessopercon.com.br\/percon\/wp-json\/wp\/v2\/types\/page"}],"author":[{"embeddable":true,"href":"https:\/\/acessopercon.com.br\/percon\/wp-json\/wp\/v2\/users\/4"}],"replies":[{"embeddable":true,"href":"https:\/\/acessopercon.com.br\/percon\/wp-json\/wp\/v2\/comments?post=35982"}],"version-history":[{"count":78,"href":"https:\/\/acessopercon.com.br\/percon\/wp-json\/wp\/v2\/pages\/35982\/revisions"}],"predecessor-version":[{"id":53524,"href":"https:\/\/acessopercon.com.br\/percon\/wp-json\/wp\/v2\/pages\/35982\/revisions\/53524"}],"wp:attachment":[{"href":"https:\/\/acessopercon.com.br\/percon\/wp-json\/wp\/v2\/media?parent=35982"}],"curies":[{"name":"wp","href":"https:\/\/api.w.org\/{rel}","templated":true}]}}

<div data-elementor-type="wp-page" data-elementor-id="35982" class="elementor elementor-35982">
									<section class="elementor-section elementor-top-section elementor-element elementor-element-6efe7e52 elementor-section-boxed elementor-section-height-default elementor-section-height-default" data-id="6efe7e52" data-element_type="section">
						<div class="elementor-container elementor-column-gap-default">
					<div class="elementor-column elementor-col-100 elementor-top-column elementor-element elementor-element-34d1c04" data-id="34d1c04" data-element_type="column">
			<div class="elementor-widget-wrap elementor-element-populated">
								<div class="elementor-element elementor-element-66d63eb elementor-widget elementor-widget-heading" data-id="66d63eb" data-element_type="widget" data-widget_type="heading.default">
				<div class="elementor-widget-container">
			<h2 class="elementor-heading-title elementor-size-default">Quem Somos</h2>		</div>
				</div>
				<div class="elementor-element elementor-element-7d802df8 elementor-widget elementor-widget-text-editor" data-id="7d802df8" data-element_type="widget" data-widget_type="text-editor.default">
				<div class="elementor-widget-container">
							Empresa fundada em 2004 por um profissional que atuou por mais de 20 anos como gerente para América Latina em uma multinacional líder mundial na fabricação de instrumentos de testes e medidas. Atuamos em todo o mercado nacional com a distribuição de equipamentos de teste e medição, ferramentas eletrônicas, instrumentos para calibração, equipamentos de segurança, instrumentação de controle e comercializando serviços de calibração e manutenção RBC. Em 2012 a Percon se consolida como uma empresa de tecnologia atuando em todo o território nacional com distribuição de equipamentos de teste e medição, serviços de calibração.						</div>
				</div>
				<div class="elementor-element elementor-element-148caff elementor-widget elementor-widget-spacer" data-id="148caff" data-element_type="widget" data-widget_type="spacer.default">
				<div class="elementor-widget-container">
					<div class="elementor-spacer">
			<div class="elementor-spacer-inner"></div>
		</div>
				</div>
				</div>
				<section class="elementor-section elementor-inner-section elementor-element elementor-element-e3e47c2 elementor-section-boxed elementor-section-height-default elementor-section-height-default" data-id="e3e47c2" data-element_type="section" data-settings="{&quot;background_background&quot;:&quot;classic&quot;}">
						<div class="elementor-container elementor-column-gap-default">
					<div class="elementor-column elementor-col-50 elementor-inner-column elementor-element elementor-element-36746b7" data-id="36746b7" data-element_type="column">
			<div class="elementor-widget-wrap elementor-element-populated">
								<div class="elementor-element elementor-element-2fc9288 elementor-widget elementor-widget-heading" data-id="2fc9288" data-element_type="widget" data-widget_type="heading.default">
				<div class="elementor-widget-container">
			<h3 class="elementor-heading-title elementor-size-default">Nosso Fundador</h3>		</div>
				</div>
				<div class="elementor-element elementor-element-ece90a5 elementor-widget elementor-widget-text-editor" data-id="ece90a5" data-element_type="widget" data-widget_type="text-editor.default">
				<div class="elementor-widget-container">
							<p>Waldir Lobo de Carvalho Jr. criou a PerCon no ano de 2004 com o objetivo de conectar de forma perfeita empresas lideres mundiais em tecnologia de teste e medição com as necessidades dos clientes em território nacional, sua visão deu origem ao nome PerCon, uma sigla formada pelas palavras (Perfect Connection). Seu histórico profissional iniciou no ano de 1984 como engenheiro no laboratórios de reparo e calibração na Força Área Brasileira. Entre os anos de 1986 à 2003, migrou para a iniciativa privada, trabalhando em uma multinacional líder mundial na fabricação de instrumentos de testes e medição, tendo desenvolvido uma bagagem de muito aprendizado, qualificação e capacidade técnica e comercial, assumindo o cargo de gerente para América Latina . Sendo possível dar origem a PerCon que completa no ano de 2.022, 18 anos de consolidação no mercado brasiliero.</p>						</div>
				</div>
					</div>
		</div>
				<div class="elementor-column elementor-col-50 elementor-inner-column elementor-element elementor-element-cbe5552" data-id="cbe5552" data-element_type="column">
			<div class="elementor-widget-wrap elementor-element-populated">
								<div class="elementor-element elementor-element-0fa046a elementor-widget elementor-widget-image" data-id="0fa046a" data-element_type="widget" data-widget_type="image.default">
				<div class="elementor-widget-container">
															<img decoding="async" src="https://acessopercon.com.br/percon/wp-content/uploads/elementor/thumbs/waldir-lobofundador-percon-ppy4nsgwuanekp2dpfh2o8twlxydghb8tkakhs4oe0.jpeg" title="waldir-lobofundador-percon" alt="waldir-lobofundador-percon" loading="lazy" />															</div>
				</div>
					</div>
		</div>
							</div>
		</section>
				<div class="elementor-element elementor-element-9aa04b7 elementor-widget elementor-widget-spacer" data-id="9aa04b7" data-element_type="widget" data-widget_type="spacer.default">
				<div class="elementor-widget-container">
					<div class="elementor-spacer">
			<div class="elementor-spacer-inner"></div>
		</div>
				</div>
				</div>
				<section class="elementor-section elementor-inner-section elementor-element elementor-element-51f73f1 elementor-section-boxed elementor-section-height-default elementor-section-height-default" data-id="51f73f1" data-element_type="section">
						<div class="elementor-container elementor-column-gap-default">
					<div class="elementor-column elementor-col-33 elementor-inner-column elementor-element elementor-element-f3dfe7d" data-id="f3dfe7d" data-element_type="column">
			<div class="elementor-widget-wrap elementor-element-populated">
								<div class="elementor-element elementor-element-d404a2c elementor-widget elementor-widget-heading" data-id="d404a2c" data-element_type="widget" data-widget_type="heading.default">
				<div class="elementor-widget-container">
			<h3 class="elementor-heading-title elementor-size-default">Missão</h3>		</div>
				</div>
				<div class="elementor-element elementor-element-1afa53d elementor-widget elementor-widget-text-editor" data-id="1afa53d" data-element_type="widget" data-widget_type="text-editor.default">
				<div class="elementor-widget-container">
							É &#8220;Salvar Vidas&#8221;, sendo a Perfeita Conexão entre as demandas de nossos clientes/parceiros (atividades e aplicações), e a busca das soluções mais adequadas, e que garantam a segurança da operação. Somos diferentes! Não somos mais uma empresa de detecção de gases! Nossa missão é ajudar nossos parceiros SALVANDO e PRESERVANDO as vidas.						</div>
				</div>
				<div class="elementor-element elementor-element-1f416a8 elementor-widget elementor-widget-spacer" data-id="1f416a8" data-element_type="widget" data-widget_type="spacer.default">
				<div class="elementor-widget-container">
					<div class="elementor-spacer">
			<div class="elementor-spacer-inner"></div>
		</div>
				</div>
				</div>
					</div>
		</div>
				<div class="elementor-column elementor-col-33 elementor-inner-column elementor-element elementor-element-64cf87b" data-id="64cf87b" data-element_type="column">
			<div class="elementor-widget-wrap elementor-element-populated">
								<div class="elementor-element elementor-element-6bfc1f4 elementor-widget elementor-widget-heading" data-id="6bfc1f4" data-element_type="widget" data-widget_type="heading.default">
				<div class="elementor-widget-container">
			<h3 class="elementor-heading-title elementor-size-default">Visão</h3>		</div>
				</div>
				<div class="elementor-element elementor-element-eed957d elementor-widget elementor-widget-text-editor" data-id="eed957d" data-element_type="widget" data-widget_type="text-editor.default">
				<div class="elementor-widget-container">
							<p>Ser a melhor empresa de vendas e serviços em teste e medidas do Brasil.<br />A melhor empresa consiste em:</p><ul><li>Sermos considerados pelos clientes como a melhor opção de compras no Brasil;</li><li>Sermos uma excelente opção de desenvolvimento profissional no setor de vendas e serviços de calibração;</li><li>Sermos um excelente canal de distribuição para os nossos fornecedores.</li></ul>						</div>
				</div>
				<div class="elementor-element elementor-element-6ea8141 elementor-widget elementor-widget-spacer" data-id="6ea8141" data-element_type="widget" data-widget_type="spacer.default">
				<div class="elementor-widget-container">
					<div class="elementor-spacer">
			<div class="elementor-spacer-inner"></div>
		</div>
				</div>
				</div>
					</div>
		</div>
				<div class="elementor-column elementor-col-33 elementor-inner-column elementor-element elementor-element-2f8efff" data-id="2f8efff" data-element_type="column">
			<div class="elementor-widget-wrap elementor-element-populated">
								<div class="elementor-element elementor-element-e3b977d elementor-widget elementor-widget-heading" data-id="e3b977d" data-element_type="widget" data-widget_type="heading.default">
				<div class="elementor-widget-container">
			<h3 class="elementor-heading-title elementor-size-default">Valores</h3>		</div>
				</div>
				<div class="elementor-element elementor-element-ceb033f elementor-widget elementor-widget-text-editor" data-id="ceb033f" data-element_type="widget" data-widget_type="text-editor.default">
				<div class="elementor-widget-container">
							<ul><li>Cliente satisfeito;</li><li>Segurança total no ambiente de trabalho;</li><li>Pessoas comprometidas e realizadas;</li><li>Qualidade em tudo que faz;</li><li>Empreendedorismo responsável;</li><li>Integridade;</li><li>Crescimento e rentabilidade.</li></ul>						</div>
				</div>
					</div>
		</div>
							</div>
		</section>
					</div>
		</div>
							</div>
		</section>
							</div>

<p>Quem Somos Empresa fundada em 2004 por um profissional que atuou por mais de 20 anos como gerente para América Latina em uma multinacional líder mundial na fabricação de instrumentos de testes e medidas. Atuamos em todo o mercado nacional com a distribuição de equipamentos de teste e medição, ferramentas eletrônicas, instrumentos para calibração, equipamentos [&hellip;]</p>
