{"id":35456,"date":"2015-08-06T21:34:16","date_gmt":"2015-08-06T21:34:16","guid":{"rendered":"http:\/\/acessopercon.com.br\/percon\/?page_id=35456"},"modified":"2026-03-24T12:58:07","modified_gmt":"2026-03-24T15:58:07","slug":"calibracao3","status":"publish","type":"page","link":"https:\/\/acessopercon.com.br\/percon\/calibracao3\/","title":{"rendered":"Calibra\u00e7\u00e3o Acreditada (INMETRO) e Rastreada RBC"},"content":{"rendered":"\t\t<div data-elementor-type=\"wp-page\" data-elementor-id=\"35456\" class=\"elementor elementor-35456\">\n\t\t\t\t\t\t\t\t\t<section class=\"elementor-section elementor-top-section elementor-element elementor-element-225db976 elementor-section-boxed elementor-section-height-default elementor-section-height-default\" data-id=\"225db976\" data-element_type=\"section\">\n\t\t\t\t\t\t<div class=\"elementor-container elementor-column-gap-default\">\n\t\t\t\t\t<div class=\"elementor-column elementor-col-100 elementor-top-column elementor-element elementor-element-187724d0\" data-id=\"187724d0\" data-element_type=\"column\">\n\t\t\t<div class=\"elementor-widget-wrap elementor-element-populated\">\n\t\t\t\t\t\t\t\t<div class=\"elementor-element elementor-element-01e8849 elementor-widget elementor-widget-heading\" data-id=\"01e8849\" data-element_type=\"widget\" data-widget_type=\"heading.default\">\n\t\t\t\t<div class=\"elementor-widget-container\">\n\t\t\t<h2 class=\"elementor-heading-title elementor-size-default\">Servi\u00e7o de calibra\u00e7\u00e3o de detector de g\u00e1s<\/h2>\t\t<\/div>\n\t\t\t\t<\/div>\n\t\t\t\t<div class=\"elementor-element elementor-element-66147af0 elementor-widget elementor-widget-text-editor\" data-id=\"66147af0\" data-element_type=\"widget\" data-widget_type=\"text-editor.default\">\n\t\t\t\t<div class=\"elementor-widget-container\">\n\t\t\t\t\t\t\t<p><strong>Calibra\u00e7\u00e3o Acreditada a Coordena\u00e7\u00e3o Geral de Acredita\u00e7\u00e3o do Inmetro sob o n\u00ba 0503<\/strong><\/p><p style=\"text-align: justify;\">A miss\u00e3o assumida pela PerCon neste site deixa claro que desde sua funda\u00e7\u00e3o esta organiza\u00e7\u00e3o j\u00e1 se propunha a comercializar produtos e servi\u00e7os de teste e medi\u00e7\u00e3o, oferecendo um excelente suporte t\u00e9cnico e comercial. Pensando desta forma, foi criado junto com a empresa um laborat\u00f3rio com pessoal especializado, com dedica\u00e7\u00e3o plena para oferecer:<\/p><ol><li style=\"text-align: justify;\">Reparo de detectores de gases fixos e port\u00e1teis, em campo ou em nosso laborat\u00f3rio.<\/li><li style=\"text-align: justify;\">Calibra\u00e7\u00e3o Acreditada a Coordena\u00e7\u00e3o Geral de Acredita\u00e7\u00e3o do Inmetro\u00a0de detectores de gases fixos e port\u00e1teis , em campo ou em nosso laborat\u00f3rio.<\/li><li style=\"text-align: justify;\">Servi\u00e7os mediante or\u00e7amentos ou por contrato anual de reparo de calibra\u00e7\u00e3o.<\/li><\/ol>\t\t\t\t\t\t<\/div>\n\t\t\t\t<\/div>\n\t\t\t\t<div class=\"elementor-element elementor-element-9bb9270 elementor-widget elementor-widget-text-editor\" data-id=\"9bb9270\" data-element_type=\"widget\" data-widget_type=\"text-editor.default\">\n\t\t\t\t<div class=\"elementor-widget-container\">\n\t\t\t\t\t\t\t<p>Nosso laborat\u00f3rio segue rigorosamente a norma ISO 17025 garantindo assim a qualidade dos servi\u00e7os de calibra\u00e7\u00e3o prestados.<\/p><p style=\"text-align: justify;\">Trabalhamos com estoque constante de pe\u00e7as e partes dos equipamentos que vendemos para que possamos oferecer a maior agilidade poss\u00edvel na presta\u00e7\u00e3o de servi\u00e7os de reparo.<\/p><p>Informa\u00e7\u00f5es Relevantes:<\/p><ul><li>Qualquer servi\u00e7o ( calibra\u00e7\u00e3o ou reparo ) s\u00f3 poder\u00e1 ser executado mediante a aprova\u00e7\u00e3o formal do or\u00e7amento enviado ao cliente . Para elabora\u00e7\u00e3o de or\u00e7amentos para reparos necessitaremos proceder com um diagnostico que demanda a presen\u00e7a f\u00edsica dos equipamentos danificados.<\/li><li>Os custos de frete para envio e devolu\u00e7\u00e3o dos equipamentos ser\u00e3o de responsabilidade dos clientes.<\/li><li>Somente equipamentos acompanhados das respectivas notas fiscais poder\u00e3o ser recebidos em nosso Laborat\u00f3rio.<\/li><li>Os equipamentos dever\u00e3o ser retirados em no m\u00e1ximo 30 dias contados da libera\u00e7\u00e3o dos mesmos.<\/li><li>Acredita\u00e7\u00e3o de calibra\u00e7\u00e3o NBR ISO \/ IEC 17025. <a href=\"https:\/\/acessopercon.com.br\/2022\/wp-content\/uploads\/2016\/03\/Certificado-de-Acreditacao.pdf\" target=\"_blank\" rel=\"noopener\"><strong>VEJA O CERTIFICADO<\/strong><\/a><\/li><li><a title=\"\" href=\"http:\/\/www.inmetro.gov.br\/laboratorios\/rbc\/detalhe_laboratorio.asp?num_certificado=503&amp;situacao=AT&amp;area=F%CDSICO-QU%CDMICA\" target=\"_blank\" rel=\"noopener\">Escopo no CGCRE<\/a><\/li><\/ul>\t\t\t\t\t\t<\/div>\n\t\t\t\t<\/div>\n\t\t\t\t<div class=\"elementor-element elementor-element-e0c4210 elementor-widget elementor-widget-image\" data-id=\"e0c4210\" data-element_type=\"widget\" data-widget_type=\"image.default\">\n\t\t\t\t<div class=\"elementor-widget-container\">\n\t\t\t\t\t\t\t\t\t\t\t\t\t\t\t<img fetchpriority=\"high\" decoding=\"async\" width=\"800\" height=\"532\" src=\"https:\/\/acessopercon.com.br\/percon\/wp-content\/uploads\/2022\/05\/laboratorio-rbc-percon-detectores-gas.jpg\" class=\"attachment-full size-full wp-image-52673\" alt=\"\" srcset=\"https:\/\/acessopercon.com.br\/percon\/wp-content\/uploads\/2022\/05\/laboratorio-rbc-percon-detectores-gas.jpg 800w, https:\/\/acessopercon.com.br\/percon\/wp-content\/uploads\/2022\/05\/laboratorio-rbc-percon-detectores-gas-300x200.jpg 300w, https:\/\/acessopercon.com.br\/percon\/wp-content\/uploads\/2022\/05\/laboratorio-rbc-percon-detectores-gas-768x511.jpg 768w\" sizes=\"(max-width: 800px) 100vw, 800px\" \/>\t\t\t\t\t\t\t\t\t\t\t\t\t\t\t<\/div>\n\t\t\t\t<\/div>\n\t\t\t\t\t<\/div>\n\t\t<\/div>\n\t\t\t\t\t\t\t<\/div>\n\t\t<\/section>\n\t\t\t\t\t\t\t<\/div>\n\t\t","protected":false},"excerpt":{"rendered":"<p>Servi\u00e7o de calibra\u00e7\u00e3o de detector de g\u00e1s Calibra\u00e7\u00e3o Acreditada a Coordena\u00e7\u00e3o Geral de Acredita\u00e7\u00e3o do Inmetro sob o n\u00ba 0503 A miss\u00e3o assumida pela PerCon neste site deixa claro que desde sua funda\u00e7\u00e3o esta organiza\u00e7\u00e3o j\u00e1 se propunha a comercializar produtos e servi\u00e7os de teste e medi\u00e7\u00e3o, oferecendo um excelente suporte t\u00e9cnico e comercial. Pensando [&hellip;]<\/p>\n","protected":false},"author":4,"featured_media":0,"parent":0,"menu_order":0,"comment_status":"closed","ping_status":"closed","template":"","meta":{"footnotes":""},"_links":{"self":[{"href":"https:\/\/acessopercon.com.br\/percon\/wp-json\/wp\/v2\/pages\/35456"}],"collection":[{"href":"https:\/\/acessopercon.com.br\/percon\/wp-json\/wp\/v2\/pages"}],"about":[{"href":"https:\/\/acessopercon.com.br\/percon\/wp-json\/wp\/v2\/types\/page"}],"author":[{"embeddable":true,"href":"https:\/\/acessopercon.com.br\/percon\/wp-json\/wp\/v2\/users\/4"}],"replies":[{"embeddable":true,"href":"https:\/\/acessopercon.com.br\/percon\/wp-json\/wp\/v2\/comments?post=35456"}],"version-history":[{"count":39,"href":"https:\/\/acessopercon.com.br\/percon\/wp-json\/wp\/v2\/pages\/35456\/revisions"}],"predecessor-version":[{"id":55385,"href":"https:\/\/acessopercon.com.br\/percon\/wp-json\/wp\/v2\/pages\/35456\/revisions\/55385"}],"wp:attachment":[{"href":"https:\/\/acessopercon.com.br\/percon\/wp-json\/wp\/v2\/media?parent=35456"}],"curies":[{"name":"wp","href":"https:\/\/api.w.org\/{rel}","templated":true}]}}